y) = 6*y**3 + 2*y**2 + y. What is t(z)?
-5
Let c(v) = -v**3 - v**2 + 2*v + 2. Let o be c(0). Let w(y) = 4*y**3 + 2*y - 5*y**3 - 2 - y**2 + 2*y**3 + y. Give w(o).
8
Suppose -3*t = 3, 0*j + 2*j = -2*t - 14. Let l(d) be the third derivative of -d**4/24 - d**3/6 + d**2. Calculate l(j).
5
Let g(x) be the first derivative of -x + 1/2*x**2 - 1 + 1/6*x**3. Let i(v) be the first derivative of g(v). What is i(-3)?
-2
Let j be (-85)/15 - (-4)/6. Let d(z) be the first derivative of z**3/3 + 3*z**2/2 - 3*z + 2. What is d(j)?
7
Let a = 9 + -4. Let i = -7 - -14. Let v(b) = 3*b + i - b**2 - b + 0. Calculate v(a).
-8
Suppose -3*w - 30 = -3*t, -w - 40 = -4*t - 2*w. Suppose -25 = 5*c, -3*c = -k - 4*k + t. Let f(g) = g. Give f(k).
-1
Suppose -g = 2*g - 5*v - 127, -4*v - 86 = -2*g. Let h be g/9 + 5/(-15). Let d(r) = r**3 - 3*r**2 - 2*r - 1. Calculate d(h).
7
Let u(q) = 8*q. Suppose x - 5 = j, 4*x = 5*j + 4 + 20. What is u(x)?
8
Let n(c) = -c**3 - 6*c**2 + 8*c + 6. Let k(a) = -a**2 + 8*a - 7. Let z be k(8). What is n(z)?
-1
Let y(m) = -m**3 + 5*m**2 - 3*m. Let k(n) = -3*n**3 + 16*n**2 - 10*n. Let d(q) = 2*k(q) - 7*y(q). What is d(2)?
-2
Let v(p) = 3*p + 4. Let w be (-2 + 0)/(4/10). Let g(r) = -3*r + 10. Let o(f) = -f + 1. Let y(c) = g(c) - 6*o(c). Let k(b) = w*v(b) + 4*y(b). Determine k(-4).
8
Let u(o) = 8*o**2. Suppose 5*w = w - 4. Give u(w).
8
Suppose -3 - 7 = -4*c + 2*f, c - 25 = 5*f. Let b(z) be the first derivative of c - z**2 + 1 + 0. What is b(1)?
-2
Let d(j) be the first derivative of j**4/4 + 4*j**3/3 - j**2/2 + 4*j - 18. Calculate d(-4).
8
Let x(v) = -v**3 - 3 - 703*v**2 + 698*v**2 + 6*v - 2*v. Give x(-6).
9
Let q = -41 - -44. Let x(k) = 2*k**2. What is x(q)?
18
Let a = -2 - -12. Suppose -3*u + g + a = 0, u + 3*g - 6 = -2*u. Let y(h) = -h + u + 0*h + 0. Give y(2).
1
Suppose -2*n - 2 + 0 = 0. Let w(o) = -o**2 + 4*o + 7. Let t be w(5). Let j(y) = -2*y + 4 - t - 1. Calculate j(n).
3
Let l(z) = -z - 6 - 7 + 10. Calculate l(-2).
-1
Suppose 0 = 4*r - 3*b - 17, -2*b = r - 4*b - 8. Suppose -3*w + 5 = a - 6, w - 13 = r*a. Let s(k) = k**2 - 7*k + 1. Calculate s(w).
-9
Suppose -3*c + 1 = -2*n, -n + 3*c + 10 = 3. Let f be 1*(n + 6 + -3). Let i(k) = -k + 7. What is i(f)?
12
Let n(k) = -5*k**2 - 2*k + 1. Let i(b) = -b**2 + 6*b - 4. Let s be i(7). Let p(w) = w**2 + 10*w - 10. Let y be p(s). Give n(y).
-6
Let z(t) = t**2 - 1. Let g(u) = u**3 - 8*u**2 - 9*u. Let l be g(9). Give z(l).
-1
Let r(u) = -u**2 + 15*u + 14. Let h be r(16). Let b be (1 + 15/(-9))*-3. Let x(q) = -4*q + b - 5 + 2*q. Determine x(h).
1
Let q = -4 + 0. Let s be (-69)/(-21) - q/(-14). Let t(z) = z - 1. Calculate t(s).
2
Suppose 30 - 10 = 4*g. Let r(u) = u**3 + 6*u**2 + 8*u - 1. Let k(x) = x**3 + x**2 + x. Let z(j) = 2*k(j) - r(j). Determine z(g).
-4
Let d(j) = j - 1. Suppose 0 = -c + 3 + 4. Suppose 5 - c = 2*q. Calculate d(q).
-2
Let j(i) = i**2 - i + 2. Suppose r = -0 - 1. Let c be (15/9)/(r/(-3)). Suppose 3*b - 2*a - 5 = 0, a = -2*b + b + c. What is j(b)?
8
Suppose -5*c - 57 = 3*g, -4*c + 3*g + 1 = 25. Let m(q) = -q**2 - 9*q - 2. Let r be m(c). Let l(s) = s**2 - 4*s - 3. Give l(r).
9
Let s(q) = q**3 - q + 1. Let y(b) = 3*b**3 - 6*b**2 - 6*b + 7. Let v(d) = 4*s(d) - y(d). Determine v(-5).
12
Let n(s) = -s**2 + 5*s**2 + 4 - 2*s**2 - s**2 - 4*s. Determine n(5).
9
Let k(f) = f - f**2 - 19 + 20 - f**3 + 0*f**3. What is k(-2)?
3
Let k(b) = -b**2 - 6*b - 6. Let a(s) = -s**2 - 6*s - 5. Let o be a(-8). Let j = -2 + -7. Let h be o/(j/(-3)) + 2. Determine k(h).
-1
Let m(c) = c**2 - 5*c + 4. Suppose 0*d - 2*d + 12 = g, 2*g = d + 4. Suppose g*j - 4 = 4*i - i, 4*j = 4*i. Calculate m(j).
0
Let f(i) = -24*i - 20*i + 12 - 28*i + 73*i. Suppose -p = l + 1, 3*p - 2*l + 0*l = 2. What is f(p)?
12
Let i(o) = -o - 6. Let q be i(-9). Let j(k) = 2 - 3*k**3 - 2*k**3 + 4*k**q + 5*k - 2*k**2 + 0*k**3. Calculate j(-3).
-4
Suppose 2*g - 9 = -g. Let a(y) = 2 - g*y**2 + 2*y**2 + 2. What is a(-3)?
-5
Let x(r) = 2*r**2 + 2*r. Let w = -7 + 2. Let o = w + 3. Let v = -4 - o. Give x(v).
4
Let n(d) be the third derivative of -d**4/12 + 3*d**3/2 - 8*d**2. What is n(6)?
-3
Suppose 4*a = i - 15, -2*i + 4*a + 11 = -7. Suppose 5*j = 29 - 4. Let u = j - i. Let m(n) = 2*n**2 - n + 1. Determine m(u).
7
Suppose -1 = z + 2. Let b(w) = -w**3 - 3*w**2 - 2*w. What is b(z)?
6
Let k(j) = 2*j**3 + 2*j**2 + 2*j + 4. Let g(o) = -4*o**3 - 4*o**2 - 4*o - 7. Let i(a) = 4*g(a) + 7*k(a). Let d = 19 + -21. Give i(d).
12
Let k(u) = -u**3 + 3*u**2 - 4*u + 4. Let r(q) = 4*q**3 - q**2. Let l be r(1). Calculate k(l).
-8
Let n(m) = -3*m**3 + 2*m + 1. Suppose -3*y - 1 = -5*j - 5*y, 5*j = 3*y - 14. Calculate n(j).
2
Let v be 0 + 2/(-5)*-5. Let c be ((-2)/3)/(v/12). Let x(t) = -t - 4. Give x(c).
0
Let k(p) = -p + 12 + 5 - 18. Calculate k(0).
-1
Suppose 3*a + 8 = 5*a. Let q(c) = -c**3 + 3*c**2 + 2*c + 4. Give q(a).
-4
Let y(u) = -u**2 - 7*u - 6. Let d = -8 - -10. Suppose -2*s - d*s = 0. Suppose 5*c + 5*p + 50 = s, -4*c - p - 25 = -0*c. Determine y(c).
4
Suppose 5*f = 4*f - 4. Let z = -2 - 3. Let v(c) = -c**3 - 7*c**2 + 6. Let d(u) = 2*u**3 + 13*u**2 - u - 11. Let k(r) = z*v(r) - 3*d(r). Determine k(f).
-9
Let c(m) = m**3 - m + 2. Suppose 2*q + 2*q = 12. Let t be 0 + (q - (0 + -1)). Suppose 3*x = 5*o + 3, -t*x + 4 = 5*o - 0*o. Calculate c(o).
2
Let v(k) = k + 2 - 2*k + 1 - 2. Calculate v(-3).
4
Let m(o) = -o**2 - 6*o + 5. Let u(n) = -n**2 - 5*n + 5. Let l(y) = -6*m(y) + 7*u(y). Calculate l(0).
5
Let f(n) = n**2 - 3*n - 4. Let c be f(4). Let a(q) = -q**3 - q - 10. Determine a(c).
-10
Let r(o) = -o**3 + 11*o**2 + 13*o - 16. Let b be r(12). Let a(i) = -i**3 - 3*i**2 + 7*i + 5. Give a(b).
-7
Let w(k) = k**2 - 6*k - 7. Let i = -61 - -68. What is w(i)?
0
Let a be (9/(-4))/(3/(-12)). Suppose -f - 3 = d - 2*d, 3*d = f + a. Suppose 2*q = -f + 12. Let t(j) = -j + 5. Determine t(q).
-1
Let x be (15/25 - 1)*-15. Let r(c) = -2*c + 3. Determine r(x).
-9
Let x(k) = -k**3 - 11*k**2 - k - 1. Let d(i) = -i**2. Suppose m + 0 = -1. Let g(v) = m*x(v) + 6*d(v). What is g(-4)?
13
Let r(a) be the second derivative of a**6/360 + a**5/30 - a**4/6 - 5*a**3/6 - 4*a. Let b(u) be the second derivative of r(u). Give b(-5).
1
Let g(f) be the second derivative of -13*f**3/6 + f**2/2 - f - 2. Determine g(1).
-12
Let o(d) = -d**2 - d + 3. Let r(c) = c**3 + 6*c**2 + 5*c + 3. Let x be r(-5). Suppose x*t = 7*t. What is o(t)?
3
Let o(w) = 5*w - 103. Let j be o(21). Let i(p) be the second derivative of 0 + 3/2*p**j - p - 1/6*p**3. What is i(6)?
-3
Let w(g) be the second derivative of -7*g**3/6 + 27*g. Give w(2).
-14
Let c(f) be the first derivative of f**3 - f**2 - 2*f - 1. Let w = 24 - 22. What is c(w)?
6
Let r(h) = h**3 - 6*h**2 + 6*h - 9. Let p be r(6). Let y be (-2)/9 + 87/p. Let o(i) = 2*i**2 - 5*i + 2. Determine o(y).
5
Suppose -2*v + 3*v - 3 = 0. Let b(l) = l - v*l - 3 + 0. Let j be (4*(-2)/(-12))/((-2)/15). What is b(j)?
7
Let v(g) = 4*g + 4. Suppose k - 4*k = 9. Give v(k).
-8
Suppose 0*r - r + 4 = 0. Let t(j) = j**3 - 4*j**2 + j - 3. Let s be t(r). Let w(y) = 2*y**2 + y - 1. Calculate w(s).
2
Let g(b) = b**3 - 5*b**2 - 7*b - 2. Let x = -2 - -6. Let u be (-54)/(-8) + (-3)/x. Calculate g(u).
-8
Let p = -16 - -22. Let r(f) = -f**3 + 5*f**2 + 4*f + 4. What is r(p)?
-8
Suppose 0 = 5*v + 14 + 1. Let l = v - -3. Suppose 0 = -4*x + o + 21, 4*x + 0*o + 2*o - 18 = l. Let m(d) = -d**3 + 4*d**2 + 5*d - 4. Calculate m(x).
-4
Let k(l) = 3*l - 1. Let r be k(2). Suppose r*u + 0*u = -20. Let o(y) = y**2 + 4*y + 1. Let h be o(u). Let x(p) = p. What is x(h)?
1
Let b(k) = 18*k + 2 - 3*k**2 + 2*k**2 - 15*k. Let q be (-18)/(-5) + (-4)/(-10). What is b(q)?
-2
Let k(d) be the third derivative of -3*d**2 + 0*d + 1/12*d**4 + 0 + 1/3*d**3. Suppose 3*y + 9 = -0*y. What is k(y)?
-4
Let o = 3 + -6. Let k(m) = -6*m**2 + 3. Let v(f) = 7*f**2 + f - 4. Let p(c) = o*v(c) - 4*k(c). Suppose -2*h = h + 4*d - 10, 4 = 4*h - 4*d. Determine p(h).
6
Let s(y) = -y**3 + 5*y - 3. Let p(l) = l**3 - l**2 - 4*l + 3. Let h(u) = -4*p(u) - 3*s(u). What is h(4)?
1
Let n = 4 - -21. Suppose -2*g = 3*g - n. Let q = g + -5. Let y(w) = -w**3 - w**2 - w + 1. Give y(q).
1
Suppose 12*n = 17*n - 70. Let y = n - 16. Let s(m) = 3*m**2 + 3*m + 3. Calculate s(y).
9
Let v(x) = 2*x**2 - 19 + 27 + x - x**2. Determine v(0).
8
Let n(a) = -a**3 - 4*a**2 + 4. Let k be n(-